69255 a multiple of 2?
False
Does 1028 divide 9189381?
False
Is 858060 a multiple of 1583?
False
Does 229 divide 108088?
True
Is 44804 a multiple of 224?
False
Is 4059 a multiple of 75?
False
Is 88 a factor of 35728?
True
Is 756715 a multiple of 27?
False
Is 41 a factor of 60991?
False
Is 273 a factor of 495203?
False
Is 560794 a multiple of 13?
True
Is 666816 a multiple of 12?
True
Is 1408552 a multiple of 136?
True
Does 94 divide 6494462?
False
Is 17 a factor of 560269?
True
Is 258 a factor of 8757631?
False
Is 1106386 a multiple of 79?
False
Is 89 a factor of 427823?
True
Does 32 divide 537472?
True
Is 70 a factor of 69020?
True
Does 63 divide 2935783?
False
Does 2 divide 80523?
False
Is 343694 a multiple of 766?
False
Does 9 divide 348174?
True
Is 173 a factor of 646847?
True
Does 9 divide 1150644?
False
Is 40 a factor of 78600?
True
Does 45 divide 398116?
False
Is 110 a factor of 620311?
False
Is 326 a factor of 7846820?
True
Does 30 divide 338070?
True
Is 14 a factor of 2476208?
True
Is 331142 a multiple of 217?
True
Is 151 a factor of 2426506?
False
Is 6193803 a multiple of 11?
True
Is 29 a factor of 2389725?
False
Does 972 divide 4614040?
False
Is 22390 a multiple of 10?
True
Is 8 a factor of 3705?
False
Is 179 a factor of 419397?
True
Does 66 divide 274355?
False
Is 12 a factor of 133104?
True
Does 4 divide 149862?
False
Does 99 divide 116919?
True
Is 469 a factor of 2225886?
False
Is 188 a factor of 621503?
False
Is 17 a factor of 1406271?
False
Is 62744 a multiple of 184?
True
Does 863 divide 21982767?
False
Is 288971 a multiple of 26?
False
Is 601764 a multiple of 4?
True
Does 24 divide 79872?
True
Is 13 a factor of 112697?
True
Does 23 divide 40298?
False
Is 3072272 a multiple of 112?
True
Is 972 a multiple of 2?
True
Is 36168 a multiple of 264?
True
Does 52 divide 77348?
False
Is 511375 a multiple of 25?
True
Does 38 divide 17890081?
False
Is 278720 a multiple of 16?
True
Is 344 a factor of 2177864?
True
Is 7 a factor of 3155128?
False
Does 62 divide 239878?
True
Is 44 a factor of 973280?
True
Is 529 a factor of 5580950?
True
Does 72 divide 18646?
False
Is 43251 a multiple of 91?
False
Is 2 a factor of 149877?
False
Is 846 a factor of 373932?
True
Is 303 a factor of 349056?
True
Is 217 a factor of 7820057?
False
Is 11 a factor of 1308709?
False
Is 12 a factor of 918111?
False
Does 13 divide 379098?
False
Is 4734230 a multiple of 190?
True
Does 340 divide 1517926?
False
Does 10 divide 39220?
True
Is 22944 a multiple of 2?
True
Is 190 a factor of 15991920?
True
Is 197001 a multiple of 371?
True
Is 43 a factor of 4928359?
True
Does 10 divide 416630?
True
Is 333505 a multiple of 6?
False
Is 14 a factor of 735872?
False
Does 26 divide 234154?
False
Is 285 a factor of 502740?
True
Does 83 divide 84494?
True
Is 29064 a multiple of 21?
True
Does 32 divide 10101468?
False
Is 56 a factor of 61203?
False
Is 970813 a multiple of 31?
False
Does 299 divide 1238288?
False
Is 69562 a multiple of 47?
False
Does 21 divide 12110749?
False
Does 437 divide 928625?
True
Is 74 a factor of 806854?
False
Does 34 divide 2013539?
False
Does 23 divide 3641161?
False
Is 1858736 a multiple of 44?
True
Is 105462 a multiple of 186?
True
Is 3941713 a multiple of 605?
False
Is 26406470 a multiple of 40?
False
Does 99 divide 438075?
True
Does 12 divide 1338168?
True
Does 88 divide 5431448?
True
Does 428 divide 764836?
True
Does 8 divide 745535?
False
Is 111 a factor of 1953060?
False
Is 1023152 a multiple of 20?
False
Is 1510380 a multiple of 18?
True
Does 7 divide 1721874?
True
Does 27 divide 1036557?
True
Is 1213800 a multiple of 33?
False
Is 2425514 a multiple of 182?
True
Does 9 divide 188298?
True
Is 443 a factor of 1897896?
False
Does 19 divide 3295585?
False
Is 12 a factor of 33516?
True
Does 3 divide 1327851?
True
Is 85590 a multiple of 30?
True
Does 135 divide 470969?
False
Is 7015288 a multiple of 56?
True
Is 14 a factor of 11611502?
True
Is 10283 a multiple of 13?
True
Is 52 a factor of 2571942?
False
Does 74 divide 655964?
False
Is 18 a factor of 1085526?
True
Is 722784 a multiple of 48?
True
Is 4304927 a multiple of 24?
False
Is 12 a factor of 345624?
True
Is 79 a factor of 96854?
True
Is 510062 a multiple of 7?
True
Does 462 divide 204960?
False
Does 9 divide 81861?
False
Does 96 divide 67099?
False
Does 219 divide 604806?
False
Is 3 a factor of 1095?
True
Is 1602010 a multiple of 5?
True
Is 20 a factor of 735080?
True
Is 495 a factor of 4983951?
False
Is 39 a factor of 1335789?
True
Does 4 divide 2585690?
False
Is 963 a factor of 2193989?
False
Does 54 divide 1192644?
True
Is 168 a factor of 297530?
False
Is 160 a factor of 8844505?
False
Is 1801932 a multiple of 102?
True
Does 234 divide 1534806?
True
Is 632 a factor of 1136968?
True
Is 169965 a multiple of 9?
True
Is 22 a factor of 317834?
True
Is 134312 a multiple of 206?
True
Is 136658 a multiple of 95?
False
Is 55 a factor of 149320?
False
Is 206302 a multiple of 187?
False
Is 7 a factor of 2027?
False
Is 7 a factor of 71683?
False
Is 1830440 a multiple of 40?
True
Does 16 divide 64624?
True
Does 376 divide 13200984?
True
Does 23 divide 345760?
False
Does 136 divide 2382448?
True
Does 104 divide 18954832?
True
Is 32 a factor of 62202?
False
Is 1596 a factor of 25133808?
True
Is 205 a factor of 8239259?
False
Does 30 divide 407197?
False
Is 25 a factor of 20972?
False
Is 39 a factor of 10682997?
True
Is 620 a factor of 1392416?
False
Is 6836295 a multiple of 867?
True
Is 726 a factor of 3895672?
False
Does 56 divide 555712?
False
Is 223496 a multiple of 364?
True
Is 4 a factor of 95592?
True
Is 255382 a multiple of 38?
False
Is 1579926 a multiple of 34?
False
Is 219 a factor of 72916?
False
Is 3466745 a multiple of 109?
True
Does 169 divide 1621517?
False
Does 7 divide 1753759?
True
Is 470022 a multiple of 1767?
True
Is 601059 a multiple of 69?
True
Does 13 divide 191947?
False
Is 67 a factor of 4876946?
False
Is 106 a factor of 747194?
True
Does 30 divide 1506030?
True
Is 2451300 a multiple of 20?
True
Is 72 a factor of 53139?
False
Does 79 divide 544750?
False
Is 100 a factor of 530000?
True
Is 2288438 a multiple of 17?
True
Is 71 a factor of 35287?
True
Is 4399640 a multiple of 176?
False
Is 24 a factor of 3853793?
False
Does 173 divide 20933?
True
Is 162428 a multiple of 253?
False
Does 44 divide 7259?
False
Does 14 divide 171494?
False
Is 10 a factor of 218511?
False
Is 141210 a multiple of 30?
True
Is 2768339 a multiple of 396?
False
Is 26 a factor of 473370?
False
Is 16 a factor of 44656?
True
Is 1503108 a multiple of 10?
False
Is 344 a factor of 142135?
False
Is 5 a factor of 1102855?
True
Is 11 a factor of 316072?
False
Does 13 divide 1610882?
True
Is 182 a factor of 512251?
False
Is 48 a factor of 198350?
False
Is 5 a factor of 4737?
False
Does 230 divide 3375501?
False
Does 13 divide 89258?
True
Is 6 a factor of 59449?
False
Is 445 a factor of 70755?
True
Is 123 a factor of 644907?
False
Is 36044 a multiple of 9?
False
Does 26 divide 59480?
False
Is 27250328 a multiple of 28?
True
Does 23 divide 22151300?
True
Does 346 divide 1745224?
True
Is 14 a factor of 5687724?
True
Is 225575 a multiple of 35?
True
Does 7 divide 11850212?
False
Is 113 a factor of 258746?
False
Is 300 a factor of 213721?
False
Is 348514 a multiple of 23?
False
Is 24 a factor of 7951657?
False
Is 333697 a multiple of 193?
True
Does 163 divide 96365?
False
Is 139 a factor of 28038?
False
Does 59 divide 586809?
False
Does 1223 divide 2349529?
False
Is 120 a factor of 219840?
True
Is 79086 a multiple of 147?
True
Does 15 divide 130639?
False
Does 497 divide 7455623?
False
Does 216 divide 1313280?
True
Does 168 divide 7540176?
True
Does 238 divide 18938638?
False
Is 116549 a multiple of 9?
False
Is 5402215 a multiple of 13?
True
Is 18054176 a multiple of 224?
True
Does 4 divide 2607?
False
Is 139 a factor of 1369594?
False
Is 1014 a factor of 1455090?
True
Does 2 divide 21560?
True
Is 34 a factor of 317498?
False
Does 253 divide 2792867?
True
Is 22 a factor of 5351597?
False
Is 1654968 a multiple of 84?
True
Does 7 divide 9012?
False
Is 39 a factor of 17124?
False
Is 35266 a multiple of 154?
True
Is 1738464 a multiple of 624?
True
Is 1503818 even?
True
Does 28 divide 108108?
True
Is 34 a factor of 3919668?
False
I